e 5*l + 5*z - i = 0, l = -l + 5*z + 24. Is l prime?
False
Let u(j) = 80*j - 7. Is u(3) prime?
True
Let p(i) = 16*i**2 - 47. Is p(-7) composite?
True
Let z(y) = 2*y**2 - y**3 + 2 + y**2 - 3. Let g = -16 - -14. Is z(g) a prime number?
True
Let w be ((-1)/(-2))/((-4)/(-608)). Is (-11)/(4/(0 - w)) composite?
True
Let x(h) = 99*h**2 + h - 1. Is x(-1) a prime number?
True
Let t(s) = 3*s**2 - 3*s + 17. Is t(-9) a composite number?
True
Suppose 0*k + w - 2 = 2*k, -8 = -4*w. Suppose -5*t + 5*o - 491 = 44, k = -5*o - 10. Let y = t + 230. Is y composite?
True
Suppose -11*j + 2979 = -2*j. Is j a composite number?
False
Suppose 46 - 1016 = -10*q. Is q a prime number?
True
Suppose -y = 3*g - 4*y - 1014, 1680 = 5*g + 5*y. Is g composite?
False
Let i = -11 - -17. Is (-2)/(-4) - (-759)/i a prime number?
True
Let o be (-1 - -3) + -1 + 79. Suppose -p = 15 - o. Is p composite?
True
Let v be 12/2*(-2)/(-4). Let q(d) = -d + 2. Let y be q(5). Is 59/v + 2/y a prime number?
True
Is 2/7 - (-32658)/42*3 a composite number?
False
Let r be (-67)/(-2)*(15 + -5). Suppose 0 = 17*n - 12*n - r. Is n a prime number?
True
Is (-20958)/(-90) - 4/(-30) composite?
False
Let b be ((-6)/(-6))/((-2)/(-6)). Let a(h) = 2*h - b*h**2 + 2*h - 2*h**3 + 2*h**2 + 1. Is a(-3) a composite number?
True
Let g be (-21)/(-2)*(-224)/(-21). Suppose 3*c = g + 275. Is c a composite number?
True
Suppose 17643 = 4*x + 5935. Is x prime?
True
Let h be (5/(-10))/((-1)/10). Suppose -h*v = 9 - 4. Is 126 - 1/(1/v) a prime number?
True
Suppose -2*j = 2*l - 6*l - 694, 3*l - 1670 = -5*j. Is j prime?
True
Suppose -1897 = -5*d - m, -2*d + 3*m - m + 754 = 0. Is d a composite number?
False
Let d(a) = 96*a**2 + 2*a + 1. Let x be d(-1). Let q(h) = h**3 - 7*h**2 - 7*h + 10. Let v be q(8). Let r = x - v. Is r a prime number?
False
Let h be (4/6)/((-4)/(-6)). Suppose w + h = -5*o + 5*w, -3*w + 12 = 0. Let y = o + 16. Is y composite?
False
Suppose -2*q - 1476 = -4*g, 4*g + 3*q = 1039 + 437. Is g/7 - (-8)/28 prime?
True
Let b(k) = -253*k**3 + k**2 + k. Let m = 1 - 2. Is b(m) a composite number?
True
Suppose -3*u = r - 5 - 2, 0 = r - 1. Suppose -4*m + 12 = 3*s - s, -2*m - 5*s - u = 0. Suppose -m*p + 96 = -4*y, -4*y - 44 = -3*p + 33. Is p prime?
True
Let c = -19 + 17. Is 56/(-2)*1/c a composite number?
True
Let g be -2 + 2 + -3 + 2. Let y be (2 - 1) + 0 - g. Is (y + -12)*(-10)/4 a prime number?
False
Let h be (-3 + 1)/(-1) - 0. Let c(u) = -2*u**2 + 9 - h*u**2 + 6*u**2 + 10*u. Is c(-7) composite?
False
Suppose 3 = -2*o - m, 7*o + 36 = 3*o + 4*m. Let v be (o/(-6))/(4/(-282)). Let r = v - -80. Is r a composite number?
True
Let n(t) = -214*t**2 + 3*t. Let m(p) = 215*p**2 - 2*p. Let v(d) = 4*m(d) + 3*n(d). Is v(-1) composite?
True
Let i(s) = -s**3 - 3*s**2 + 6*s + 3. Suppose 3*q - 10 = 5*q. Let b be i(q). Let f = b - -8. Is f prime?
True
Suppose 4*p + 23 - 1 = o, -5*p = -5*o + 65. Let y = 19 - o. Is y prime?
False
Is -1 - (-3 - 109)/2 a prime number?
False
Suppose -34 = -2*p - t, 31 = 3*p + 4*t - 25. Suppose -z - 3*r + 20 = -13, 5*r = 5*z - 205. Let a = p + z. Is a a composite number?
True
Let c(w) = -2*w**2 - 1. Let r be c(-1). Let u be (2/r)/((-2)/(-30)). Let d = u + 41. Is d a composite number?
False
Let m(g) = -1 - 2*g - 7*g + 2. Suppose -5*o = -3*a - 31, -4*a - 4*o + 3*o - 3 = 0. Is m(a) composite?
False
Let t = 9 - 5. Suppose t*v = 5*v - 2. Suppose 0*f - f + v*s = -151, -25 = -5*s. Is f a composite number?
True
Suppose 0 = -98*m + 96*m + 7498. Is m composite?
True
Let o be 4/(-14) - (-120)/28. Suppose -112 = -o*r + 2*r. Suppose -t + r = 3*t. Is t a composite number?
True
Suppose 2*g - 3 - 1 = 0. Suppose g*q - 161 = -q - h, 2*q - 98 = 4*h. Is q a prime number?
True
Is -4 - (-202 - 1/1) prime?
True
Suppose 0 = -4*u + u - 5*m + 869, 4*u + 4*m - 1172 = 0. Is u a composite number?
True
Is (2700/8 + 1)*2 composite?
False
Let y(b) = -7*b**3 + b**2 + b. Let h be (-2 - (-2 - -1))/1. Let i = 0 + h. Is y(i) composite?
False
Suppose 3*a = 84 + 123. Is a composite?
True
Let t be (287 - 0)*(-1)/(-1). Let p = 478 - t. Is p composite?
False
Let c(i) = 24*i**2 + i + 5. Let l be c(4). Suppose 0 = -4*t + l - 5. Is t prime?
True
Suppose 3*z - 4*y = -2*y + 488, -2*y + 10 = 0. Is z prime?
False
Let g(n) = -n**2 + 4*n - 4. Let v be g(5). Let t(j) = -j**2 - 14*j - 10. Is t(v) prime?
False
Let m(g) = 30*g**3 + g**2 + 2*g + 3. Is m(2) a prime number?
True
Let h = -49 - -35. Let i = h + -1. Let c = 37 + i. Is c prime?
False
Let m(b) = 16*b**3 + 3*b**2 - 8. Is m(3) composite?
True
Let f = 1957 + -1256. Is f a prime number?
True
Suppose 0 = 2*t - 3*t. Suppose -3*z = 2*k + 7 - 23, 0 = z - 2*k. Suppose -z*m + 28 = -t. Is m a prime number?
True
Let c(z) = 2*z**2 + z**2 - 3 + z**2 - 3*z + z**2. Is c(-2) a composite number?
False
Let r = -2958 - -4273. Is r prime?
False
Suppose -n + 15 = z, 15 = -0*z + z + 3*n. Let u be z/4*(44 + -4). Let v = -59 + u. Is v composite?
True
Is (1136 - 16) + -1 + 4 composite?
False
Let w(b) = b**2 + 6*b - 1. Let v be w(-5). Let l be 16*(1 + 3/v). Is ((-6)/(-1))/(l/44) a prime number?
False
Let l be (1 - 1 - 1) + 4. Suppose -l*d + 298 = -d. Is d a composite number?
False
Let l(r) = r**3 - 4*r**3 + 3*r + 1 + 4*r**3 - 6*r**2. Is l(7) prime?
True
Suppose 0 = 9*r - 5*r - 308. Is r a prime number?
False
Let u = -9 - -9. Suppose 7*o + u*o - 469 = 0. Is o a composite number?
False
Let x(d) = -33*d**3 - 3*d**2 + 5*d + 4. Is x(-3) prime?
True
Let i(q) = 5*q**2 - 3*q + 2. Let k be i(2). Suppose -2*m + 6 + k = n, 3*n = 2*m - 6. Is m prime?
False
Let k(o) = -2*o**3 - 7*o**2 + o + 7. Let d(f) = -3*f**3 - 14*f**2 + 2*f + 14. Let z(i) = -3*d(i) + 5*k(i). Is z(6) prime?
True
Let j be 2/(((-4)/(-38))/(-1)). Let t = j + 6. Let a = t - -90. Is a a prime number?
False
Let k(m) = m**2 + m + 14. Let i be k(0). Let y be 4/i + (-54)/(-7). Let t = y - 5. Is t composite?
False
Is (((-1)/3)/(3/15597))/(-1) a composite number?
False
Suppose -c = -2*c + 1535. Is c composite?
True
Let w be 2/9 - (-1760)/18. Suppose -3*y = -k + 86, 2*k + 5*y = -w + 281. Is k composite?
False
Suppose -4*w - 5*o - 206 = -2*w, 4*o + 210 = -2*w. Let q = -58 - w. Is q a prime number?
False
Suppose -2*y - 14 = -4*y. Is y a prime number?
True
Suppose -4*u - 104 = -4*v, 0 = -7*v + 3*v - 3*u + 139. Is v a prime number?
True
Let p(o) = -2*o**3 - 2*o**2 + 11*o + 1. Let h(g) = g. Let b(q) = -6*h(q) + p(q). Let n be 6/(-5)*30/9. Is b(n) prime?
False
Let n = 14 + -8. Let r(t) be the third derivative of t**5/20 - 7*t**4/24 - 7*t**3/6 + 3*t**2. Is r(n) a composite number?
False
Let h be (-6)/(-9)*9/6. Is h + 35 + -2 + -1 composite?
True
Suppose 105 = 5*t - 500. Is t composite?
True
Let f(t) = -2*t - 5. Let k be f(-4). Let d = -96 + 165. Is (-2)/(k*(-2)/d) composite?
False
Suppose i + 2*q + 5 = 0, 4*i + 2*q - 20 = 4*q. Is i prime?
True
Let s = 2111 + -852. Is s prime?
True
Let a be (-23)/(-5) - (-3)/(-5). Suppose -a*h + h + 9 = 0. Suppose 5 + 166 = h*j. Is j composite?
True
Let a(g) = 11*g - 9. Let j be a(7). Let t(z) = -9*z + 1. Let f be t(-8). Let q = f + j. Is q prime?
False
Let q(o) = o**3 - 6*o**2 - 5*o - 10. Let u be q(7). Let v = -1 + 1. Suppose -181 = -3*m + 5*k, v = -3*m + m - u*k + 106. Is m prime?
False
Let u = -282 - -196. Is u*(-2 - 12/(-8)) a prime number?
True
Let d = 32 - 23. Let q(f) be the first derivative of 7*f**2/2 - 10*f - 2. Is q(d) prime?
True
Let a(z) = -6*z - 6. Let f(p) = -p + 1. Let d(k) = -a(k) + 5*f(k). Let b be d(-8). Let x = b - -20. Is x composite?
False
Suppose m = -522 + 2353. Is m prime?
True
Suppose 2*w - 4079 = -3*c, 5448 = 4*c - 2*w - 0*w. Is c prime?
True
Let h be 1/(((-3)/156)/(-1)). Suppose 0 = -d + 3*x + h + 6, -d - 2*x = -43. Is d composite?
True
Is (5/7 - 1) + 1917/21 prime?
False
Let p = 56 - -64. Suppose 3*h + 2*h = p. Suppose -2*a + 2*v = -h, -a - 7 + 21 = -3*v. Is a a prime number?
True
Suppose -3*i + 6*i - u = -17, 0 = -i - 3*u - 9. Is (-322)/i - 6/9 a prime number?
True
Let p be ((-14)/(-8))/((-3)/(-12)). Let c(n) = n**2 - 4*n - 2. Let g be c(p). Suppose -4*z = -5*z + g. Is z a composite number?
False
Is (-5 - (-102)/18)/((-2)/(-1257)) prime?
True
Suppose -19 = -2*w - 3*q, 3 = -5*w + 5*q + 13. Let l(h) = -2*h**2 + 3*h + 2. Let a be l(w). Is (0 + -1)*(-4 + a) prime?
True
Let x(d) = -d**3 - 11*d**2 - 9*d + 12. Let y = -12 + 2. Let k be x(y)